2186?
2
Suppose -25486 - 282440 = -132*v - 58842. What is the highest common factor of 51 and v?
51
Let f(m) = -227*m - 6531. Let d be f(-29). What is the highest common divisor of 1976 and d?
52
Let i = 12802 + -11951. What is the highest common factor of 999 and i?
37
Let g be 8 + (4 - 49/7). Suppose z - 3 = 5*f + 41, -5*f + g = 0. Calculate the highest common divisor of z and 1421.
49
Let t be (-1)/(2*4/(-88)). Suppose -160*q - 10 = -165*q. Suppose -j - p - 2 = 0, -5*p - 13 - q = 0. Calculate the greatest common divisor of t and j.
1
Let w = -3210 - -5023. What is the highest common factor of w and 245?
49
Let u = 3648 - 3633. What is the highest common factor of 1605 and u?
15
Suppose -17*n + 2*n + 60 = 0. Let o be 3/((-12)/10*(-5)/n). Suppose 4*s = o*l + l - 85, -l = -5*s - 43. Calculate the highest common divisor of 46 and l.
23
Let o be (-3)/(14/(-2856)*9). What is the highest common factor of 2074 and o?
34
Let v be -78 + (9 - 4 - -1). Let k be (-4016)/v + (-2)/(-9). Calculate the greatest common factor of 154 and k.
14
Let b = 80 - 30. Let l = 1202 + -1193. Suppose -3*y + l = f, -f + b = 3*f - 2*y. What is the greatest common factor of 4 and f?
4
Let s be (0 - 3)*(-12 + 10). Let x be -26*s/(-8) - 4/(-8). What is the highest common factor of x and 5?
5
Let a be (-1958)/(-5) - (4 - (-110)/(-25)). Let g = a - -72. Calculate the highest common factor of g and 16.
16
Suppose -112861 = -44*d + 10075. What is the highest common factor of 44 and d?
22
Let j be -6*(65/15 - 5). Suppose -2*g + j*n = -50, n - 2*n = -g + 25. What is the highest common factor of 50 and g?
25
Let t(j) = 2*j**2 + 8*j - 11. Let d be t(-9). Let k = d - 77. What is the greatest common divisor of k and 46?
2
Let i = 49 + 11. Suppose -3*c + 6*c + g = i, -80 = -4*c + 2*g. Suppose 16*w + 36 = c*w. Calculate the highest common factor of w and 6.
3
Let k(q) = 23*q**3 + 368*q**2 - 13*q - 85. Let d be k(-16). What is the highest common factor of d and 5084?
41
Let n = -3484 + 5049. What is the highest common divisor of n and 5?
5
Let z(a) = -68*a - 729. Let u be z(-13). Calculate the greatest common divisor of 2976 and u.
31
Let b(h) = -h**3 + 12*h**2 + 21*h + 6. Let l be b(10). Calculate the highest common divisor of 13 and l.
13
Let d(o) = -31*o**3 + 4*o**2 + 15*o + 30. Let p be d(-2). Let m = 277 - p. Calculate the greatest common factor of m and 377.
13
Let q be (-2)/(-3)*(2 + (-116)/(-8)). Suppose 5*p - q = -1. Suppose 2*j = -5*x + 68, -2*j - p - 14 = -2*x. What is the highest common factor of x and 24?
12
Let y(g) = g**3 + 2*g**2 + 38*g + 13. Let m be y(7). Let u = -261 + m. Calculate the greatest common divisor of 17 and u.
17
Let g = 445 - 242. Calculate the highest common factor of g and 4669.
203
Let m = -86 + 143. Suppose 27*s - 5437 + 3307 - 5052 = 0. What is the greatest common divisor of s and m?
19
Let m be (-4 - 55/20)/(((-1302)/(-560))/(-31)). Calculate the highest common factor of m and 230.
10
Let d be (4 - -2 - 1) + 3. Let b be (1 - 0)*(d - -3). Calculate the highest common factor of 297 and b.
11
Suppose 594 = -i + 34*i. Let w = 471 + -205. Let u = -140 + w. Calculate the greatest common factor of i and u.
18
Let g = -2280 + 4371. What is the highest common factor of g and 85?
17
Let n(u) = 13*u + 126. Let q be n(-13). Let v be (q/(-2))/((-53)/(-1696)). Calculate the highest common divisor of v and 16.
16
Let y = -9497 - -11826. What is the greatest common factor of 102 and y?
17
Let c = 1298 - 2258. Let d be ((-2)/5)/(12/c). Calculate the highest common factor of d and 40.
8
Let r be (1*6)/((-114)/(-285)). Suppose -1542 - 3408 = -r*c. Calculate the greatest common divisor of 20 and c.
10
Let f = -2 - -14. Let m = 7663 + -7597. Calculate the greatest common factor of f and m.
6
Let x(d) = -d**3 + 6*d**2 + 12*d - 14. Let z be (-18 - -21)/((-3)/(-7)). Let u be x(z). What is the highest common divisor of 147 and u?
21
Suppose 0 = 3*x + 6*a - 11*a - 3, -2*x + 2 = -5*a. Let t be (23/(-92))/(-2 - (-127)/64). Calculate the greatest common factor of t and x.
1
Let f = 7 + 137. Suppose 0 = -142*q + 144*q - 72. Calculate the highest common divisor of q and f.
36
Let h(v) = v + 138. Let n be h(0). Let t be (138/(-21))/(28/(-392)). What is the highest common factor of t and n?
46
Suppose -j + 0*j = -3*n, 3*j = -3*n + 24. Suppose -3*l + 11 = k, -l - 93 + 96 = 0. What is the highest common divisor of j and k?
2
Let f = -220 - -225. Suppose 0 = 3*s - u - 146, 5*u = s - f*s + 182. Calculate the highest common divisor of 60 and s.
12
Suppose -30*i + 32*i - 5*a = 304, -2*i + 4*a + 300 = 0. What is the greatest common factor of 1349 and i?
71
Let r = -110 - -216. Let o = r + -63. Suppose 45*a = o*a + 210. What is the greatest common divisor of 15 and a?
15
Let r(f) = f**3 + 19*f**2 + 88*f + 13. Let k be r(-8). Let v be k/(338/637) + (-2)/4. Calculate the greatest common divisor of v and 840.
24
Let n(p) = -8*p. Let c be n(-2). Let w be (6 - 441 - 7) + (1 - 2). Let x = 444 + w. Calculate the highest common divisor of c and x.
1
Let z be 3 + (-7)/(28/(-20)). Let r(n) = -6*n + 154. Let q be r(z). Calculate the greatest common factor of q and 53.
53
Let y(l) = -l - 1. Let j be y(-4). Let n be 159/((-13)/(117/(-6)) - (-12)/36). What is the greatest common factor of j and n?
3
Let m(j) = -1188*j + 6318. Let b be m(5). What is the greatest common factor of b and 3267?
27
Let c = 3649 - 3643. Let s = -15 + 21. Let p be 502/12 - s/(-36). Calculate the greatest common factor of c and p.
6
Let s(t) = -7*t - 9. Let q be s(-6). Suppose 4660 = 157*u - 12610. Calculate the highest common divisor of q and u.
11
Suppose f = -f + 8. Suppose 5*o + u - 203 = 0, f*u = -6*o + o + 212. Suppose -42*d + o = -37*d. What is the greatest common factor of 8 and d?
8
Let y(l) = -l**2 + 15*l + 32. Let g be y(21). Let d = g + 169. Suppose -9*f = -d + 3. What is the greatest common divisor of 8 and f?
8
Let a(q) = -q**3 - 2*q**2 + 5*q + 3. Let m be a(-4). Let w = -8468 + 8463. Let t be -21*w/m + -5. What is the greatest common factor of 2 and t?
2
Let m be ((-24)/(-7) - 2)/((-2)/(-7)). What is the highest common divisor of 1055 and m?
5
Suppose 119 = 7*m - 154. Suppose 35*j + 160 = m*j. What is the highest common factor of 220 and j?
20
Suppose -7*c + 10*c - 2487 = 0. Let n = -581 + c. What is the highest common factor of 31 and n?
31
Let x(n) = -n**3 - 304 - 5*n + 298 - 4*n**2 - 4*n**2. Let p be x(-9). Suppose -3*w + 2*w + p = 0. Calculate the highest common divisor of w and 48.
24
Let i be -4 + 4 + 33/(-1). Let h be ((-18)/4*6)/(11/i). What is the greatest common factor of h and 27?
27
Let t(o) = 4*o**2 - 3*o - 1. Suppose 0 = i + 1 + 6. Let p be t(i). Suppose -3*s + p = -174. What is the highest common factor of s and 10?
10
Suppose -3*v - 2*p = -539, v - 2*p = 2*p + 189. Let h be (12 - 10)*v/2. Let c = h - 53. What is the highest common factor of 16 and c?
16
Suppose 0 = 228*p + 3064 - 10360. What is the highest common divisor of 8192 and p?
32
Suppose -230 + 1382 = 128*y. What is the highest common divisor of 531 and y?
9
Let k(l) = 6*l**2 - 4. Let y be k(-2). Let v = y - 20. Suppose -12*s + 30 + 342 = v. Calculate the greatest common factor of s and 279.
31
Let b be ((-220)/(-5))/(-3 - -7). Suppose 0*i = 5*i. Suppose i*h - 4*h + 484 = 0. Calculate the highest common factor of b and h.
11
Let q = 1034 + -845. Calculate the greatest common divisor of 45 and q.
9
Suppose -2*t - 1 = -17. Let f(z) = -5*z**2 + 3*z**3 - t*z + 0 - 1 - z**2 - 2*z**3. Let v be f(8). Calculate the greatest common factor of v and 18.
9
Let h = -6550 - -7360. Calculate the greatest common divisor of h and 1170.
90
Suppose -4*i - 30 = -5*n, 4*n = 5*i + 41 - 8. Let t(q) = -q + 5. Let m be t(-5). Let f be (20/3)/(n + m/(-6)). What is the highest common divisor of f and 2?
2
Let f(y) = 24*y**2 - 4*y + 4. Let m be f(-5). Let l = -208 + m. Calculate the greatest common factor of 13 and l.
13
Let h(n) = -2*n**3 - 12*n**2 + 16*n + 114. Let k be h(-6). Calculate the greatest common divisor of 2502 and k.
18
Let u be (-5)/(-22 + -3) - 256/(-20). Calculate the greatest common divisor of 2197 and u.
13
Suppose 0 = 2*y - t - 214, 4*y = 8*y - 4*t - 436. Calculate the greatest common factor of y and 55.
5
Let l(i) = 7*i + 2. Let w be l(0). Su